{"id":229,"date":"2024-03-01T20:16:32","date_gmt":"2024-03-01T19:16:32","guid":{"rendered":"https:\/\/open-temple.org\/kundalini-berlin\/?page_id=229"},"modified":"2024-03-01T21:26:14","modified_gmt":"2024-03-01T20:26:14","slug":"schlangenbewegung-e-v-i-gr","status":"publish","type":"page","link":"https:\/\/open-temple.org\/kundalini-berlin\/schlangenbewegung-e-v-i-gr\/","title":{"rendered":"Schlangenbewegung e.V.i.Gr."},"content":{"rendered":"\t\t<div data-elementor-type=\"wp-page\" data-elementor-id=\"229\" class=\"elementor elementor-229\">\n\t\t\t\t<div class=\"elementor-element elementor-element-a453572 e-flex e-con-boxed e-con e-parent\" data-id=\"a453572\" data-element_type=\"container\">\n\t\t\t\t\t<div class=\"e-con-inner\">\n\t\t\t\t<div class=\"elementor-element elementor-element-33560c6 elementor-widget elementor-widget-text-editor\" data-id=\"33560c6\" data-element_type=\"widget\" data-widget_type=\"text-editor.default\">\n\t\t\t\t<div class=\"elementor-widget-container\">\n\t\t\t\t\t\t\t\t\t<p>Wir vernetzen uns zur Gr\u00fcndung der deutschen K\u00f6rperschaft zur Realisierung von Kundalini.international, open-temple.org und Heikreis.net<\/p><p>Bei Interesse kann der Newsletter genutzt werden und im pers\u00f6nlichen Profil dann &#8220;Schlangenbewegung e.V.i.Gr.&#8221; anklicken.<\/p>\t\t\t\t\t\t\t\t<\/div>\n\t\t\t\t<\/div>\n\t\t\t\t\t<\/div>\n\t\t\t\t<\/div>\n\t\t<div class=\"elementor-element elementor-element-7e48e21 e-flex e-con-boxed e-con e-parent\" data-id=\"7e48e21\" data-element_type=\"container\">\n\t\t\t\t\t<div class=\"e-con-inner\">\n\t\t\t\t<div class=\"elementor-element elementor-element-8440271 elementor-widget elementor-widget-eael-feature-list\" data-id=\"8440271\" data-element_type=\"widget\" data-widget_type=\"eael-feature-list.default\">\n\t\t\t\t<div class=\"elementor-widget-container\">\n\t\t\t\t\t\t\t<div class=\"-icon-position-left -tablet-icon-position-left -mobile-icon-position-left\">\n\t\t\t<ul id=\"eael-feature-list-8440271\" class=\"eael-feature-list-items circle stacked  eael-feature-list-vertical\">\n\t\t\t                <li class=\"eael-feature-list-item elementor-repeater-item-32bf4ba\">\n                    \n\t\t\t\t\t\t<div class=\"eael-feature-list-icon-box\">\n\t\t\t\t\t\t\t<div class=\"eael-feature-list-icon-inner\">\n\n\t\t\t\t\t\t\t\t<span class=\"eael-feature-list-icon fl-icon-0\">\n\n\t\t<i aria-hidden=\"true\" class=\"xlwpf wppb-font-medicine\"><\/i>\t\t\t\t\t\t\t\t<\/span>\n\t\t\t\t\t\t\t<\/div>\n\t\t\t\t\t\t<\/div>\n\t\t\t\t\t\t<div class=\"eael-feature-list-content-box\">\n                            <h2 class=\"eael-feature-list-title\">Internationales Kundalini Netzwerk<\/h2>\t\t\t\t\t\t<p class=\"eael-feature-list-content\">Online Plattform, Lokalgruppen, lokale und online Treffen, Kundalini Stories, Austausch, Publikation &amp; Events: Kundalini.international<\/p>\n\t\t\t\t\t\t<\/div>\n\n\t\t\t\t\t<\/li>\n\t\t\t\t                <li class=\"eael-feature-list-item elementor-repeater-item-bfbb2be\">\n                    \n\t\t\t\t\t\t<div class=\"eael-feature-list-icon-box\">\n\t\t\t\t\t\t\t<div class=\"eael-feature-list-icon-inner\">\n\n\t\t\t\t\t\t\t\t<span class=\"eael-feature-list-icon fl-icon-1\">\n\n\t\t<i aria-hidden=\"true\" class=\"xlwpf wppb-font-medicine\"><\/i>\t\t\t\t\t\t\t\t<\/span>\n\t\t\t\t\t\t\t<\/div>\n\t\t\t\t\t\t<\/div>\n\t\t\t\t\t\t<div class=\"eael-feature-list-content-box\">\n                            <h2 class=\"eael-feature-list-title\">Lokale Gruppen (online)<\/h2>\t\t\t\t\t\t<p class=\"eael-feature-list-content\">Gr\u00fcndung und Unterst\u00fctzung von lokalen Gruppen und Bereitstellung von online Infrastruktur zur Vernetzung. Eine derartige Infrastruktur kann weitgehend in der Lage sein, die Prozesse aufzufangen und ggfs. an die richtigen Ansprechpartner weiter zu vermitteln.<\/p>\n\t\t\t\t\t\t<\/div>\n\n\t\t\t\t\t<\/li>\n\t\t\t\t                <li class=\"eael-feature-list-item elementor-repeater-item-b8d8293\">\n                    \n\t\t\t\t\t\t<div class=\"eael-feature-list-icon-box\">\n\t\t\t\t\t\t\t<div class=\"eael-feature-list-icon-inner\">\n\n\t\t\t\t\t\t\t\t<span class=\"eael-feature-list-icon fl-icon-2\">\n\n\t\t<i aria-hidden=\"true\" class=\"xlwpf wppb-font-medicine\"><\/i>\t\t\t\t\t\t\t\t<\/span>\n\t\t\t\t\t\t\t<\/div>\n\t\t\t\t\t\t<\/div>\n\t\t\t\t\t\t<div class=\"eael-feature-list-content-box\">\n                            <h2 class=\"eael-feature-list-title\">Forschung &amp; Publikation<\/h2>\t\t\t\t\t\t<p class=\"eael-feature-list-content\">, Publikation der Ergebnisse, , Entwicklung von Grundlagen<\/p>\n\t\t\t\t\t\t<\/div>\n\n\t\t\t\t\t<\/li>\n\t\t\t\t                <li class=\"eael-feature-list-item elementor-repeater-item-104b784\">\n                    \n\t\t\t\t\t\t<div class=\"eael-feature-list-icon-box\">\n\t\t\t\t\t\t\t<div class=\"eael-feature-list-icon-inner\">\n\n\t\t\t\t\t\t\t\t<span class=\"eael-feature-list-icon fl-icon-3\">\n\n\t\t<i aria-hidden=\"true\" class=\"xlwpf wppb-font-medicine\"><\/i>\t\t\t\t\t\t\t\t<\/span>\n\t\t\t\t\t\t\t<\/div>\n\t\t\t\t\t\t<\/div>\n\t\t\t\t\t\t<div class=\"eael-feature-list-content-box\">\n                            <h2 class=\"eael-feature-list-title\">Forschung<\/h2>\t\t\t\t\t\t<p class=\"eael-feature-list-content\">F\u00f6rderung wissenschaftlicher Arbeiten und Unterst\u00fctzung dieser, eigene Studien zB. durch Frageb\u00f6gen und konkrete zB. medizinische Untersuchungen von Freiwilligen (MRT, Gehirnscans, etc. im Kundalini Schub), Sammlung von Studien Ergebnissen<\/p>\n\t\t\t\t\t\t<\/div>\n\n\t\t\t\t\t<\/li>\n\t\t\t\t                <li class=\"eael-feature-list-item elementor-repeater-item-0ecf723\">\n                    \n\t\t\t\t\t\t<div class=\"eael-feature-list-icon-box\">\n\t\t\t\t\t\t\t<div class=\"eael-feature-list-icon-inner\">\n\n\t\t\t\t\t\t\t\t<span class=\"eael-feature-list-icon fl-icon-4\">\n\n\t\t<i aria-hidden=\"true\" class=\"xlwpf wppb-font-medicine\"><\/i>\t\t\t\t\t\t\t\t<\/span>\n\t\t\t\t\t\t\t<\/div>\n\t\t\t\t\t\t<\/div>\n\t\t\t\t\t\t<div class=\"eael-feature-list-content-box\">\n                            <h2 class=\"eael-feature-list-title\">Publikation &amp; Autoren<\/h2>\t\t\t\t\t\t<p class=\"eael-feature-list-content\">Unterst\u00fctzung von Autoren, Realisierung von Publikationen, Verteib von B\u00fcchern und digitalen G\u00fctern mit Kampagnen als Ausgr\u00fcndung<\/p>\n\t\t\t\t\t\t<\/div>\n\n\t\t\t\t\t<\/li>\n\t\t\t\t                <li class=\"eael-feature-list-item elementor-repeater-item-2508f57\">\n                    \n\t\t\t\t\t\t<div class=\"eael-feature-list-icon-box\">\n\t\t\t\t\t\t\t<div class=\"eael-feature-list-icon-inner\">\n\n\t\t\t\t\t\t\t\t<span class=\"eael-feature-list-icon fl-icon-5\">\n\n\t\t<i aria-hidden=\"true\" class=\"xlwpf wppb-font-medicine\"><\/i>\t\t\t\t\t\t\t\t<\/span>\n\t\t\t\t\t\t\t<\/div>\n\t\t\t\t\t\t<\/div>\n\t\t\t\t\t\t<div class=\"eael-feature-list-content-box\">\n                            <h2 class=\"eael-feature-list-title\">Grundlagen (Safeties)<\/h2>\t\t\t\t\t\t<p class=\"eael-feature-list-content\">Entwicklung kostenfreier Publikationen (eBooks) \u00fcber die Grundlagen (Safeties) sowie Workshops (Basic &amp; Intensiv) f\u00fcr Therapeuten, Psychologen, Psychiater, \u00c4rzte, Meditations-, Yoga- &amp; Tantra-Lehrer\/innen, ... f\u00fcr Betroffenen in zahlreichen Sprachen mit Auflistung der Kontaktstellen in Krisen<\/p>\n\t\t\t\t\t\t<\/div>\n\n\t\t\t\t\t<\/li>\n\t\t\t\t                <li class=\"eael-feature-list-item elementor-repeater-item-9fb0dd7\">\n                    \n\t\t\t\t\t\t<div class=\"eael-feature-list-icon-box\">\n\t\t\t\t\t\t\t<div class=\"eael-feature-list-icon-inner\">\n\n\t\t\t\t\t\t\t\t<span class=\"eael-feature-list-icon fl-icon-6\">\n\n\t\t<i aria-hidden=\"true\" class=\"xlwpf wppb-font-medicine\"><\/i>\t\t\t\t\t\t\t\t<\/span>\n\t\t\t\t\t\t\t<\/div>\n\t\t\t\t\t\t<\/div>\n\t\t\t\t\t\t<div class=\"eael-feature-list-content-box\">\n                            <h2 class=\"eael-feature-list-title\">(Online) Conference<\/h2>\t\t\t\t\t\t<p class=\"eael-feature-list-content\">Lorem ipsum dolor sit amet, consectetur adipisicing elit. Optio, neque qui velit. Magni dolorum quidem ipsam eligendi, totam, facilis laudantium cum accusamus ullam voluptatibus commodi numquam, error, est. Ea, consequatur.<\/p>\n\t\t\t\t\t\t<\/div>\n\n\t\t\t\t\t<\/li>\n\t\t\t\t                <li class=\"eael-feature-list-item elementor-repeater-item-e49f0b9\">\n                    \n\t\t\t\t\t\t<div class=\"eael-feature-list-icon-box\">\n\t\t\t\t\t\t\t<div class=\"eael-feature-list-icon-inner\">\n\n\t\t\t\t\t\t\t\t<span class=\"eael-feature-list-icon fl-icon-7\">\n\n\t\t<i aria-hidden=\"true\" class=\"xlwpf wppb-font-medicine\"><\/i>\t\t\t\t\t\t\t\t<\/span>\n\t\t\t\t\t\t\t<\/div>\n\t\t\t\t\t\t<\/div>\n\t\t\t\t\t\t<div class=\"eael-feature-list-content-box\">\n                            <h2 class=\"eael-feature-list-title\">Therapeuten Netzwerk<\/h2>\t\t\t\t\t\t<p class=\"eael-feature-list-content\">Lorem ipsum dolor sit amet, consectetur adipisicing elit. Optio, neque qui velit. Magni dolorum quidem ipsam eligendi, totam, facilis laudantium cum accusamus ullam voluptatibus commodi numquam, error, est. Ea, consequatur.<\/p>\n\t\t\t\t\t\t<\/div>\n\n\t\t\t\t\t<\/li>\n\t\t\t\t                <li class=\"eael-feature-list-item elementor-repeater-item-c9f2f26\">\n                    \n\t\t\t\t\t\t<div class=\"eael-feature-list-icon-box\">\n\t\t\t\t\t\t\t<div class=\"eael-feature-list-icon-inner\">\n\n\t\t\t\t\t\t\t\t<span class=\"eael-feature-list-icon fl-icon-8\">\n\n\t\t<i aria-hidden=\"true\" class=\"xlwpf wppb-font-medicine\"><\/i>\t\t\t\t\t\t\t\t<\/span>\n\t\t\t\t\t\t\t<\/div>\n\t\t\t\t\t\t<\/div>\n\t\t\t\t\t\t<div class=\"eael-feature-list-content-box\">\n                            <h2 class=\"eael-feature-list-title\">Open Temple<\/h2>\t\t\t\t\t\t<p class=\"eael-feature-list-content\">Gr\u00fcndung, Vernetzung und Unterst\u00fctzung von Tempeln, Meditationsr\u00e4umen und R\u00fcckzugsorten f\u00fcr (m\u00f6glichst optional) begleitete Auszeiten und Praxis unabh\u00e4ngig von Praxis \/ Ideologien \/ Religion. Konservierung und Digitalisierung <\/p>\n\t\t\t\t\t\t<\/div>\n\n\t\t\t\t\t<\/li>\n\t\t\t\t\t\t\t<\/ul>\n\t\t<\/div>\n\t\t\t\t\t\t<\/div>\n\t\t\t\t<\/div>\n\t\t\t\t\t<\/div>\n\t\t\t\t<\/div>\n\t\t<div class=\"elementor-element elementor-element-5a7a00b e-flex e-con-boxed e-con e-parent\" data-id=\"5a7a00b\" data-element_type=\"container\">\n\t\t\t\t\t<div class=\"e-con-inner\">\n\t\t\t\t<div class=\"elementor-element elementor-element-363b1c5 elementor-widget elementor-widget-text-editor\" data-id=\"363b1c5\" data-element_type=\"widget\" data-widget_type=\"text-editor.default\">\n\t\t\t\t<div class=\"elementor-widget-container\">\n\t\t\t\t\t\t\t\t\t<p>Da ein gemeinn\u00fctziger Verein nicht direkt wirtschaftlich t\u00e4tig sein darf, m\u00fcssen Bereiche, wie Vermerktung von Publikationen und Seminaren sowie Unterst\u00fctzung des Netzwerkes durch Kampagnen mittelfristig durch sog. Ausgr\u00fcndungen eigenst\u00e4ndiger K\u00f6rperschaft\/en realisiert werden.<\/p>\t\t\t\t\t\t\t\t<\/div>\n\t\t\t\t<\/div>\n\t\t\t\t\t<\/div>\n\t\t\t\t<\/div>\n\t\t<div class=\"elementor-element elementor-element-49e34f7 e-flex e-con-boxed e-con e-parent\" data-id=\"49e34f7\" data-element_type=\"container\">\n\t\t\t\t\t<div class=\"e-con-inner\">\n\t\t\t\t<div class=\"elementor-element elementor-element-3094fd8 elementor-widget elementor-widget-spacer\" data-id=\"3094fd8\" data-element_type=\"widget\" data-widget_type=\"spacer.default\">\n\t\t\t\t<div class=\"elementor-widget-container\">\n\t\t\t\t\t\t\t<div class=\"elementor-spacer\">\n\t\t\t<div class=\"elementor-spacer-inner\"><\/div>\n\t\t<\/div>\n\t\t\t\t\t\t<\/div>\n\t\t\t\t<\/div>\n\t\t\t\t\t<\/div>\n\t\t\t\t<\/div>\n\t\t<div class=\"elementor-element elementor-element-5de236d e-flex e-con-boxed e-con e-parent\" data-id=\"5de236d\" data-element_type=\"container\" data-settings=\"{&quot;background_background&quot;:&quot;classic&quot;}\">\n\t\t\t\t\t<div class=\"e-con-inner\">\n\t\t\t\t<div class=\"elementor-element elementor-element-a01ad73 elementor-widget elementor-widget-shortcode\" data-id=\"a01ad73\" data-element_type=\"widget\" data-widget_type=\"shortcode.default\">\n\t\t\t\t<div class=\"elementor-widget-container\">\n\t\t\t\t\t\t\t<div class=\"elementor-shortcode\"><div class=\"tnp tnp-subscription \">\n<form method=\"post\" action=\"https:\/\/open-temple.org\/kundalini-berlin\/wp-admin\/admin-ajax.php?action=tnp&amp;na=s\">\n<input type=\"hidden\" name=\"nlang\" value=\"\">\n<div class=\"tnp-field tnp-field-email\"><label for=\"tnp-1\">E-Mail-Adresse<\/label>\n<input class=\"tnp-email\" type=\"email\" name=\"ne\" id=\"tnp-1\" value=\"\" placeholder=\"\" required><\/div>\n<div class=\"tnp-field tnp-field-button\" style=\"text-align: left\"><input class=\"tnp-submit\" type=\"submit\" value=\"Abonnieren\" style=\"\">\n<\/div>\n<\/form>\n<\/div>\n<\/div>\n\t\t\t\t\t\t<\/div>\n\t\t\t\t<\/div>\n\t\t\t\t\t<\/div>\n\t\t\t\t<\/div>\n\t\t\t\t<\/div>\n\t\t","protected":false},"excerpt":{"rendered":"<p>Wir vernetzen uns zur Gr\u00fcndung der deutschen K\u00f6rperschaft zur Realisierung von Kundalini.international, open-temple.org und Heikreis.net<\/p>\n","protected":false},"author":1,"featured_media":0,"parent":0,"menu_order":0,"comment_status":"closed","ping_status":"closed","template":"","meta":{"footnotes":""},"_links":{"self":[{"href":"https:\/\/open-temple.org\/kundalini-berlin\/wp-json\/wp\/v2\/pages\/229"}],"collection":[{"href":"https:\/\/open-temple.org\/kundalini-berlin\/wp-json\/wp\/v2\/pages"}],"about":[{"href":"https:\/\/open-temple.org\/kundalini-berlin\/wp-json\/wp\/v2\/types\/page"}],"author":[{"embeddable":true,"href":"https:\/\/open-temple.org\/kundalini-berlin\/wp-json\/wp\/v2\/users\/1"}],"replies":[{"embeddable":true,"href":"https:\/\/open-temple.org\/kundalini-berlin\/wp-json\/wp\/v2\/comments?post=229"}],"version-history":[{"count":88,"href":"https:\/\/open-temple.org\/kundalini-berlin\/wp-json\/wp\/v2\/pages\/229\/revisions"}],"predecessor-version":[{"id":320,"href":"https:\/\/open-temple.org\/kundalini-berlin\/wp-json\/wp\/v2\/pages\/229\/revisions\/320"}],"wp:attachment":[{"href":"https:\/\/open-temple.org\/kundalini-berlin\/wp-json\/wp\/v2\/media?parent=229"}],"curies":[{"name":"wp","href":"https:\/\/api.w.org\/{rel}","templated":true}]}}