{"id":78,"date":"2024-03-01T17:53:24","date_gmt":"2024-03-01T16:53:24","guid":{"rendered":"https:\/\/open-temple.org\/heilkreis\/?page_id=78"},"modified":"2024-03-01T17:54:17","modified_gmt":"2024-03-01T16:54:17","slug":"datenschutz","status":"publish","type":"page","link":"https:\/\/open-temple.org\/heilkreis\/datenschutz\/","title":{"rendered":"Datenschutz"},"content":{"rendered":"\t\t<div data-elementor-type=\"wp-page\" data-elementor-id=\"78\" class=\"elementor elementor-78\">\n\t\t\t\t<div class=\"elementor-element elementor-element-42c9e57 e-flex e-con-boxed e-con e-parent\" data-id=\"42c9e57\" data-element_type=\"container\">\n\t\t\t\t\t<div class=\"e-con-inner\">\n\t\t\t\t<div class=\"elementor-element elementor-element-d5d813f elementor-widget elementor-widget-text-editor\" data-id=\"d5d813f\" data-element_type=\"widget\" data-widget_type=\"text-editor.default\">\n\t\t\t\t<div class=\"elementor-widget-container\">\n\t\t\t\t\t\t\t\t\t<p><strong>Datenschutzvereinbarung<\/strong><\/p><p>Vielen Dank f\u00fcr Ihr Interesse an unserem Newsletter und unserer Webseite. Der Schutz Ihrer pers\u00f6nlichen Daten ist uns ein wichtiges Anliegen. Nachfolgend m\u00f6chten wir Sie daher \u00fcber die Verwendung Ihrer Daten informieren:<\/p><ol><li><strong>Erhebung und Verwendung von Daten<\/strong><\/li><\/ol><ul><li>Bei der Eintragung in unseren Newsletter erfassen wir Ihre IP-Adresse sowie die von Ihnen bereitgestellten Daten. Diese werden ausschlie\u00dflich f\u00fcr den Versand des Newsletters und f\u00fcr von Ihnen beauftragte Informationsanfragen verwendet.<\/li><li>Ihre Daten werden nicht an Dritte weitergegeben.<\/li><li>Wir sichern unsere Daten zyklisch in einem externen Backup.<\/li><\/ul><ol start=\"2\"><li><strong>L\u00f6schung von Daten<\/strong><\/li><\/ol><ul><li>Sie haben jederzeit das Recht, Ihre Daten vollst\u00e4ndig und eigenst\u00e4ndig zu l\u00f6schen. Dazu befindet sich in jedem Newsletter ein Link auf Ihr internes Profil.<\/li><li>Eine vollst\u00e4ndige L\u00f6schung (inkl. BAckups) ist nach 3 Monaten auf Anfrage m\u00f6glich.<\/li><\/ul><ol start=\"3\"><li><strong>Nutzung von Social Media Funktionen und Affiliate-Angeboten<\/strong><\/li><\/ol><ul><li>Wenn Sie Social Media Funktionen \u00fcber unsere Webseite nutzen (z. B. Facebook, Twitter, Telegram, Discord), k\u00f6nnen Daten entsprechend der Datenschutzvereinbarungen der jeweiligen Plattformen verarbeitet und m\u00f6glicherweise in andere L\u00e4nder \u00fcbertragen werden. Wir haben darauf keinen Zugriff oder Einblick. Bitte informieren Sie sich \u00fcber die Datenschutzbestimmungen der verwendeten Plattformen.<\/li><li>\u00c4hnliches gilt f\u00fcr Affiliate-Angebote auf unserer Webseite. Diese verlinken auf externe Anbieter und werden von diesen getrackt. Bei einem Verkaufsabschluss erhalten wir eine Provision zur Unterst\u00fctzung unserer Webseite.<\/li><\/ul><p>Bei weiteren Fragen zum Datenschutz stehen wir Ihnen gerne zur Verf\u00fcgung. Bitte kontaktieren Sie uns unter Nils(\u00e4\u00e4t)Heilkreis.net<\/p>\t\t\t\t\t\t\t\t<\/div>\n\t\t\t\t<\/div>\n\t\t\t\t\t<\/div>\n\t\t\t\t<\/div>\n\t\t\t\t<\/div>\n\t\t","protected":false},"excerpt":{"rendered":"<p>Datenschutzvereinbarung Vielen Dank f\u00fcr Ihr Interesse an unserem Newsletter und unserer Webseite. Der Schutz Ihrer<\/p>\n","protected":false},"author":1,"featured_media":0,"parent":0,"menu_order":0,"comment_status":"closed","ping_status":"closed","template":"","meta":{"footnotes":""},"_links":{"self":[{"href":"https:\/\/open-temple.org\/heilkreis\/wp-json\/wp\/v2\/pages\/78"}],"collection":[{"href":"https:\/\/open-temple.org\/heilkreis\/wp-json\/wp\/v2\/pages"}],"about":[{"href":"https:\/\/open-temple.org\/heilkreis\/wp-json\/wp\/v2\/types\/page"}],"author":[{"embeddable":true,"href":"https:\/\/open-temple.org\/heilkreis\/wp-json\/wp\/v2\/users\/1"}],"replies":[{"embeddable":true,"href":"https:\/\/open-temple.org\/heilkreis\/wp-json\/wp\/v2\/comments?post=78"}],"version-history":[{"count":7,"href":"https:\/\/open-temple.org\/heilkreis\/wp-json\/wp\/v2\/pages\/78\/revisions"}],"predecessor-version":[{"id":85,"href":"https:\/\/open-temple.org\/heilkreis\/wp-json\/wp\/v2\/pages\/78\/revisions\/85"}],"wp:attachment":[{"href":"https:\/\/open-temple.org\/heilkreis\/wp-json\/wp\/v2\/media?parent=78"}],"curies":[{"name":"wp","href":"https:\/\/api.w.org\/{rel}","templated":true}]}}